at is 7 + -9715466?
-9715459
In base 9, what is 2 - -7788684?
7788686
In base 8, what is 67 + 65431?
65520
In base 15, what is 337d - -10bb?
4449
In base 3, what is -2102211 - 11001210202?
-11011020120
In base 3, what is -1002221001210210 - 1011?
-1002221001211221
In base 10, what is -417397 - -114?
-417283
In base 9, what is -31 - -22862028?
22861887
In base 6, what is 210 + 1042325?
1042535
In base 14, what is 6da6b7c + 3?
6da6b81
In base 4, what is 2 + 23111021121?
23111021123
In base 8, what is 4 + -63773236?
-63773232
In base 10, what is 27287858 + 21?
27287879
In base 12, what is 6b95b - -784?
70523
In base 9, what is -884 + -8655?
-10650
In base 12, what is 19 + 27407a6?
2740803
In base 10, what is 24613086 - 7?
24613079
In base 5, what is 323411134 - 0?
323411134
In base 6, what is 1540332 + -510?
1535422
In base 2, what is 111010100 + -111000000010011011001?
-111000000001100000101
In base 12, what is 20 + -196b68?
-196b48
In base 16, what is 12195c1 + 0?
12195c1
In base 13, what is 1 + 52cc31c?
52cc320
In base 7, what is 4 - 325433030?
-325433023
In base 12, what is -261b - -aab?
-1730
In base 16, what is -61 + -252?
-2b3
In base 3, what is -111110220110102 - 1000?
-111110220111102
In base 11, what is 2604a68 - -1?
2604a69
In base 11, what is -25643856 + -18?
-25643873
In base 14, what is -12793dc9 - -4?
-12793dc5
In base 2, what is 10000001001 + 100111101111101?
101001110000110
In base 3, what is -2120100210 + 10001102?
-2110022101
In base 8, what is -33610514 + 0?
-33610514
In base 9, what is 6010455 + 6?
6010462
In base 12, what is 12 + 22b87b?
22b891
In base 8, what is 112 - 35532?
-35420
In base 6, what is 5402420 - -3424?
5410244
In base 8, what is 271007 + -2726?
266061
In base 5, what is 21444001142 - 12?
21444001130
In base 3, what is -12112122210102 - -1100?
-12112122202002
In base 7, what is -1 - -3331660412?
3331660411
In base 9, what is 3082 + -6773?
-3681
In base 3, what is -111010 + 101011200202?
101011012122
In base 10, what is -1 + -2210739?
-2210740
In base 9, what is 12 - 172427?
-172415
In base 12, what is 92 - 2a755?
-2a683
In base 12, what is -179 + -17251b3?
-1725370
In base 4, what is -101 - -13103000113?
13103000012
In base 12, what is -3 - 8372b5?
-8372b8
In base 9, what is -8121 - -7775?
-235
In base 16, what is 6 - 254b94?
-254b8e
In base 12, what is -1751a - 1121?
-1863b
In base 8, what is -17233444 + 1?
-17233443
In base 3, what is 1022122001012 - -11221?
1022122020010
In base 8, what is 233553 - 2377?
231154
In base 5, what is 341041 - -240402?
1131443
In base 7, what is -4 + -201016534?
-201016541
In base 13, what is -1a + -21892?
-218ac
In base 3, what is -20101101211022201 - 11?
-20101101211022212
In base 8, what is -152172 + -1014?
-153206
In base 11, what is -22 + 236a31?
236a0a
In base 6, what is 2021221303 + 5?
2021221312
In base 6, what is 5 - 11151151154?
-11151151145
In base 4, what is -301121 - 12200113?
-13101300
In base 3, what is 2020 - -120000012102201?
120000012111221
In base 11, what is 9 - 42a5?
-4297
In base 16, what is -13 - 49257a?
-49258d
In base 14, what is 1a6b17c - -4?
1a6b182
In base 2, what is 11000010110 - -11111100001000000?
11111111001010110
In base 2, what is -1110100000100 + -110001010111?
-10100101011011
In base 14, what is c5 + -1573d?
-15658
In base 10, what is 27667 + -220?
27447
In base 16, what is -5 - ac76?
-ac7b
In base 9, what is 47757 + 238?
48106
In base 2, what is 1100100 + 11001111110010110111?
11001111110100011011
In base 5, what is -10 + 334332112?
334332102
In base 11, what is -11704 - 43276?
-5497a
In base 16, what is -3 - -20f6116?
20f6113
In base 16, what is -a3ff9 + -19?
-a4012
In base 14, what is 24100 - 34?
240aa
In base 7, what is -5226515 - -404?
-5226111
In base 4, what is -112 + 202223?
202111
In base 14, what is 216d49 + 9a?
217005
In base 15, what is -7c6 - 6222?
-69e8
In base 4, what is -223200010 - -203302?
-222330102
In base 2, what is -100110011 + 101011010001011?
101010101011000
In base 4, what is -13232 + -301131?
-321023
In base 10, what is -16541855 - -5?
-16541850
In base 7, what is -10543045 - 2240?
-10545315
In base 15, what is 2c2777e3 - -1?
2c2777e4
In base 9, what is -24 + 36570453?
36570428
In base 7, what is 2 + -24526424?
-24526422
In base 12, what is -2897 - 3b30?
-6807
In base 12, what is -170b9 + 55b?
-1675a
In base 10, what is -503 - 46108?
-46611
In base 14, what is -2590018 - -18?
-2590000
In base 14, what is -35 - -56b09?
56ab4
In base 5, what is -213 - -3032002?
3031234
In base 14, what is -37 - 1347d2b?
-1347d64
In base 13, what is 551 + 135625?
135b76
In base 3, what is -111 + 11102210100101?
11102210022220
In base 6, what is -322 + -5112414?
-5113140
In base 6, what is 5 + 5545212404?
5545212413
In base 13, what is 9006 - -21a3?
b1a9
In base 4, what is -23210 - 2233330?
-2323200
In base 3, what is 102112010 - 10121122?
21220111
In base 6, what is -5302225141 + -5?
-5302225150
In base 9, what is 485 + 3126710?
3127305
In base 2, what is 1110 + 110001001100011111101?
110001001100100001011
In base 10, what is -3385 - -28866?
25481
In base 4, what is 210120323303101 - -11?
210120323303112
In base 16, what is 1740fd9 - 3?
1740fd6
In base 11, what is -9206 + -5?
-9210
In base 9, what is -42701225 + -3?
-42701228
In base 15, what is -4b153 + c?
-4b146
In base 11, what is -244a62a8 - 5?
-244a6302
In base 15, what is 1a1d - 2d0?
173d
In base 10, what is 9859777 + 1?
9859778
In base 4, what is 1210020102 - -232?
1210021000
In base 9, what is 8848 + 27418?
37367
In base 12, what is -5 + 96450452?
96450449
In base 14, what is 86667 + -40?
86627
In base 13, what is -3 + -236a26?
-236a29
In base 2, what is 10000101010011110110001 - -101?
10000101010011110110110
In base 5, what is 2230214313 - -1020?
2230220333
In base 9, what is 3505 - 44745?
-41240
In base 6, what is 2330 - 313400?
-311030
In base 8, what is 1 - 1443546162?
-1443546161
In base 6, what is 0 + 4543044200?
4543044200
In base 11, what is -1092a8 + -23?
-109320
In base 12, what is 13064 + 14?
13078
In base 13, what is -1 + 4a4066c?
4a4066b
In base 3, what is -12120022 + 10100221?
-2012101
In base 12, what is -24a51 - 99?
-24b2a
In base 13, what is -c5 + -429ba1?
-429c96
In base 16, what is 34b323 + -5?
34b31e
In base 6, what is 4 + -13202305?
-13202301
In base 5, what is 2 - -1131401341?
1131401343
In base 9, what is 105882 - -138?
106131
In base 2, what is 10 + -10011101111101010010001101?
-10011101111101010010001011
In base 13, what is -3 + 19651601?
196515cb
In base 4, what is -10120 + -22221203?
-22231323
In base 9, what is 1 - -1302864?
1302865
In base 5, what is -20343 + 12233?
-3110
In base 10, what is 8 - -385735?
385743
In base 16, what is 1dfd6 + 2?
1dfd8
In base 2, what is -10110111111010000111011 - 0?
-10110111111010000111011
In base 9, what is 150 - 773702?
-773542
In base 13, what is -4a0caa + -17c?
-4a1159
In base 10, what is 41683466 + 1?
41683467
In base 2, what is 1010000101100101000001000 + 1?
1010000101100101000001001
In base 6, what is 111244 + -2151?
105053
In base 15, what is -5a - -e1d78?
e1d1d
In base 14, what is -3a528 + -5?
-3a52d
In base 11, what is -199a9 + 1162?
-18847
In base 4, what is 3 - -22233100003200?
22233100003203
In base 7, what is -5 + 2033553651?
2033553643
In base 9, what is -7165 - -2656?
-4408
In base 16, what is 4731 + -475?
42bc
In base 11, what is -12689 + -1302?
-13990
In base 14, what is -3 - 2997088?
-299708b
In base 2, what is -10010011001011101011000101 + 111?
-10010011001011101010111110
In base 8, what is 47643 + 1431?
51274
In base 4, what is 22213303323131 - -3?
22213303323200
In base 4, what is 1302023212320221 - -2?
1302023212320223
In base 3, what is 210111121 - -2001021?
212112212
In base 7, what is 4662412 - 14?
4662365
In base 13, what is 11176c392 + -2?
11176c390
In base 15, what is -8e0d + -19a?
-90a8
In base 10, what is -117 - -1089357?
1089240
In base 8, what is -3 - 20123323?
-20123326
In base 4, what is 2 + 20333201003?
20333201011
In base 13, what is -8690445 - -1b?
-8690427
In base 11, what is -190314 - 50?
-190364
In base 13, what is -84acca - -19?
-84acb1
In base 14, what is 77133 + 8?
7713b
In base 16, what is 560 - 18b0a?
-185aa
In base 11, what is -15 + -5431a34?
-5431a49
In base 3, what is